c). What is the units digit of (0 - x*-3) + 12/6?
5
Let d = 42 - 61. Let x(h) = -h**3 - 16*h**2 - h - 14. Let w be x(d). Suppose -62 = -10*a + w. What is the hundreds digit of a?
1
Suppose 5*z + 301 + 4924 = -2*l, 1062 = -z + 3*l. Let p = -381 - z. What is the tens digit of p?
6
Suppose 2*a - 4*g - 2741 = 10385, a = -2*g + 6539. What is the tens digit of a?
5
Let t be 12/(-3) + (-4 + 1)*-2. Suppose u - t*z - 927 = -280, 0 = 4*z. What is the hundreds digit of u?
6
Let a(w) = 6 - 3*w - 92*w - 23*w + 7. What is the tens digit of a(-4)?
8
Suppose 9316*n - 9319*n + 12762 = 0. What is the units digit of n?
4
Let a be 2 + (-6 + 3)/3. Let p be ((-20)/35)/((-2)/28). What is the units digit of (-3935)/(-20) + 2/p*a?
7
Let n(d) = -d**3 + 12*d**2 + 14. Suppose 5*k = 2*g + 37 + 48, -1 = k. Let m = -34 - g. What is the tens digit of n(m)?
3
Let y(j) = 2*j**2 - 116*j - 386. What is the tens digit of y(-60)?
7
Let b = 48 + -82. Let a = -34 - b. Suppose a = -5*g + 362 + 268. What is the units digit of g?
6
Suppose -6*i + 49844 = -23730 - 110350. What is the hundreds digit of i?
6
Suppose 2*u = 4*g - 86, -4*u + 4*g + 0*g = 184. Let t be (-2)/5 + (-1932)/(-30) + 10. Let j = t - u. What is the hundreds digit of j?
1
Let x be (1 - 5) + (-1 - (7 - 6)). What is the units digit of 1352*(-3)/x + -1?
5
Suppose -3*o - 4*m = 0, 3 + 8 = o + 5*m. Let d be (o + (5 - 2))/(1 + 0). What is the units digit of 61 + (d + -4 - -3)?
9
Let k = 2377 - -17735. What is the ten thousands digit of k?
2
Let r(o) = 4*o + 9. Let k(d) = -4*d**2 + 5. Let x be k(3). Let w = x - -38. What is the tens digit of r(w)?
3
Let o(k) = 4053*k - 840. What is the ten thousands digit of o(9)?
3
Let l(b) = 7*b + 591. What is the tens digit of l(-45)?
7
Let x(j) = j**2 + 5*j + 7. Let h be x(-4). Let z(c) = c + 1. Let p(r) = -9*r - 14. Let i(o) = h*z(o) + p(o). What is the units digit of i(-17)?
1
Let m be 6/27 - (-723)/27. Let z be 115/7 + (-9)/21. Suppose -19*c = -z*c - m. What is the units digit of c?
9
Suppose -328*f = -327*f - 6. Let a(u) = 40*u - 21. What is the hundreds digit of a(f)?
2
What is the thousands digit of (-1 + 3)*1785/(-175)*415/(-2)?
4
Suppose -49 = 4*h + 43. Let z = -20 - h. Suppose -3*w - z*v + 357 = 0, 3*v + 2*v = 3*w - 381. What is the units digit of w?
2
Let m(l) = 15*l + 22. Let u(r) = 14*r + 23. Let t(h) = 6*m(h) - 7*u(h). What is the units digit of t(-26)?
9
Suppose 4*h - 2 = v - 0*v, -3*h - v = -5. Let j be 0/h*(1/1 - 0). Suppose j*u + 240 = 3*u. What is the units digit of u?
0
Suppose -22 = -4*o + 2*t, -o - 1 - 6 = 2*t. Suppose 0 = -13*h + 11*h - 3*d + 1699, -2550 = -o*h - 3*d. What is the tens digit of h?
5
Suppose -d - 5 = 23*k - 21*k, -5*d - 5 = 5*k. Suppose 3*n - 1629 = x, -2172 = -4*n - 6*x + d*x. What is the units digit of n?
3
Suppose 129*g + 7228 = 142*g. Suppose 5*l - v = g, 5*l - 5*v - 236 - 304 = 0. What is the tens digit of l?
1
Let t = 84 + -78. What is the hundreds digit of (-113)/(5/t*36/(-120))?
4
Let p be 2 - 2 - (4 - 8). Suppose p*n + 6*w = 3*w + 1487, 3*n - 3*w - 1089 = 0. What is the tens digit of n?
6
Suppose 0*g + 56 = g. Suppose 2*p - 3*h = g, 127 = 5*p - 4*h + 3*h. Let v = p - -118. What is the tens digit of v?
4
Suppose 0 = -43*p + 22*p + 69809 + 41512. What is the thousands digit of p?
5
Suppose -3*v = -3*h - 855, 7*v - 7*h + 1140 = 11*v. What is the tens digit of v?
8
Suppose u - 142 + 53 = 0. Let x be ((-1)/(-1))/((-209)/(-22) - 9). Suppose n = -x*o + 145, 0*o = o - 5*n - u. What is the units digit of o?
4
Let c(t) = -3*t + 226. Let a(f) = f - 76. Let x(n) = 8*a(n) + 3*c(n). What is the tens digit of x(15)?
5
What is the units digit of (675/10)/((-395)/40 - -10)?
0
Suppose -6*h = h - 16457. Suppose 0 = 3*q + 332 - h. What is the tens digit of q?
7
Suppose 3*f - 5 - 7 = 0. Let m be 1*f - (-24 + 25). Suppose x = -3*w + 166, -3 = -0*w + m*w. What is the hundreds digit of x?
1
Let z(v) = -176*v + 1386. What is the hundreds digit of z(-41)?
6
Suppose -4*k = -5*y - 5796, -4*k + 9*k - y - 7224 = 0. What is the thousands digit of k?
1
Let j(l) = 7*l - 46. Suppose 2*b + 84 = -2*y + 6*b, -5*y - 270 = 2*b. Let g = 72 + y. What is the tens digit of j(g)?
9
Suppose -m = 5*q - 2291, 3*m + 2*q + 373 = 7246. What is the tens digit of m/4 - (-51)/204?
7
Let g(b) = 31*b - 28. Let y be g(1). Suppose 3627 = 6*l - 2*l + y*u, -l + 894 = 5*u. What is the units digit of l?
9
Suppose 0 - 2 = -3*u + 2*c, -5*u + 3*c + 2 = 0. What is the hundreds digit of 0 + 1336 - (-3 + -3 - u)?
3
Let z(i) = -610*i + 341. What is the hundreds digit of z(-21)?
1
What is the thousands digit of 1 + 4 + (-20559660)/(-1100)*(-5)/(-3)?
1
Let z be (-6)/(-7) - 16/(-14). Suppose -y + 5*n + 256 = -288, 0 = -z*y - 5*n + 1148. What is the hundreds digit of y?
5
Let s(y) = 45*y**2 - 7*y - 1. Let q be (12/(-8))/((-2)/(20/3)). What is the hundreds digit of s(q)?
0
Suppose -3*g + 71859 = 3*y, -981*y = -982*y - 5*g + 23969. What is the ten thousands digit of y?
2
Suppose -3*l - 4*f = -1619, -4*l + 6*l + 3*f - 1080 = 0. What is the units digit of l?
7
Suppose 135*n - 1357901 = 1407132 + 4760947. What is the hundreds digit of n?
7
Let u(x) = 10*x**2 - 3*x + 20. Let j = -128 + 134. What is the hundreds digit of u(j)?
3
Let i(r) = 5*r**2 + r + 10. Let c(o) = 54 + 65 + 5*o**2 - 109. Let u(t) = 6*c(t) - 5*i(t). What is the hundreds digit of u(7)?
2
Suppose 115376 = 3*i + 2*f, 5*f + 153827 = -i + 5*i. What is the thousands digit of i?
8
Let v = 719 + -90. Let u = v - -458. What is the units digit of u?
7
Let l = -81 - -42. Let v(k) = -39*k - 42. Let x be v(-6). Let a = x + l. What is the hundreds digit of a?
1
What is the ten thousands digit of (11145 - 3) + (5 + -2 - -1)?
1
Suppose 4*b - 21 = 11*b. Let t be 0 + -15 - (b - -3 - -4). What is the units digit of (-16 - t)/((-1)/(-1))?
3
Let t be (-4)/(-14) - 665/(-245). What is the tens digit of (t + (-10 - -6))*-51?
5
Let j(f) = -f**3 + 11*f**2 - 8*f. Let l be 1 - 1 - (-7 + -3). Let d be j(l). What is the hundreds digit of 12*1/(d/205)?
1
Let z(o) = 3*o**3 + 6*o**2 - 3*o + 21. Let j be z(5). Suppose 2*b - 4*r - 654 = 0, -2*b + j = -r - 135. What is the tens digit of b?
3
Let g = -117 - -1400. Suppose 3*a - 200 = -o + 223, 2*a = -3*o + g. What is the hundreds digit of o?
4
What is the units digit of 10*7/980 + (-673383)/(-42)?
3
Suppose -4*z = -y + 158 - 5148, 5*y - 30 = 0. What is the tens digit of z?
4
Let w(h) = 228*h - 5614. What is the hundreds digit of w(83)?
3
Let s(i) = i - 1. Let q be s(4). Suppose 27 = q*n - 6. Suppose 0 = -8*d + n*d - 540. What is the units digit of d?
0
Let o = -193 - -165. Let b(s) = -7*s - 172. What is the units digit of b(o)?
4
What is the tens digit of (16571 - -32)*(-13)/(-13)?
0
Let w be 65/130 + 11/2. What is the units digit of 10*(w - (-1080)/25)?
2
Let g = 56 - 59. Let y be ((-1)/g - (-7)/42)*426. Let n = y + -99. What is the hundreds digit of n?
1
Suppose -3*o - 4*x + 2*x + 282 = 0, 2*o - 169 = 5*x. Let h = 248 - o. What is the tens digit of h?
5
Let t(f) = 34*f**3 + 3*f**2 - 14*f - 88. What is the tens digit of t(7)?
2
What is the tens digit of (-5 + 6)*13 + 21178?
9
Suppose 5*d - 36 = 9. Suppose 5*w = -d*w + 4634. What is the units digit of w?
1
Suppose 44*t - 40*t + 20 = 0, -c = t - 37849. What is the tens digit of c?
5
What is the tens digit of ((-218355)/(-7))/3 + 235/1645?
9
What is the hundreds digit of ((-6607134)/(-270) - 19) + ((-13)/15 - -1)?
4
Let k be ((-55)/88 - -1) + 19821/8. Let j(y) = 2*y**2 + 3*y + 1. Let m be j(3). What is the hundreds digit of (k/m)/(-1*(-1)/2)?
1
What is the thousands digit of (-5 + 2950/20)/(4/344)?
2
Let f(i) = 312*i**2 + 75*i - 22. What is the thousands digit of f(6)?
1
What is the units digit of 1 - ((-25256)/231)/(1 + 110/(-111))?
7
Let l = 19114 - 11650. What is the units digit of l?
4
Let v(s) = -3*s - 108. Let g(m) = -3*m - 110. Let h(o) = 4*g(o) - 5*v(o). What is the hundreds digit of h(40)?
2
Suppose 211 - 3597 = -3*z + 2*m, -4*m = 16. Let g = 1872 - z. What is the hundreds digit of g?
7
Let m(y) be the second derivative of -7*y**3/2 + 14*y**2 + 14*y. Let s be m(5). What is the units digit of (s/5)/(2/(-10))?
7
Let s(q) = -663*q**3 - q**2 + 5*q + 5. Let y be s(-1). What is the tens digit of 12 + (-34)/3 - y/(-6)?
1
Suppose -335002 = -25*r - 114952. What is the hundreds digit of 